.
2, 119759
What are the prime factors of 10508?
2, 37, 71
List the prime factors of 199365.
3, 5, 13291
List the prime factors of 13847377.
439, 31543
List the prime factors of 3825666.
2, 3, 13, 16349
List the prime factors of 4871876.
2, 277, 4397
What are the prime factors of 352594?
2, 11, 31, 47
List the prime factors of 866738.
2, 433369
What are the prime factors of 17272510?
2, 5, 17, 101603
What are the prime factors of 33495844?
2, 8373961
List the prime factors of 44815.
5, 8963
What are the prime factors of 173687?
173687
What are the prime factors of 295609?
487, 607
What are the prime factors of 1403535?
3, 5, 7, 13367
List the prime factors of 13557663.
3, 7, 71, 433
List the prime factors of 240488.
2, 23, 1307
List the prime factors of 9552658.
2, 29, 164701
List the prime factors of 615861.
3, 41, 1669
What are the prime factors of 1715315?
5, 7, 49009
List the prime factors of 1001104.
2, 13, 4813
What are the prime factors of 3723787?
3723787
List the prime factors of 1360414.
2, 11, 61837
What are the prime factors of 222250?
2, 5, 7, 127
What are the prime factors of 9148351?
9148351
What are the prime factors of 10616?
2, 1327
List the prime factors of 347894.
2, 47, 3701
List the prime factors of 4441481.
11, 199, 2029
What are the prime factors of 2551930?
2, 5, 255193
What are the prime factors of 5578828?
2, 1394707
What are the prime factors of 20503582?
2, 11, 931981
What are the prime factors of 412005?
3, 5, 11, 227
What are the prime factors of 90430?
2, 5, 9043
List the prime factors of 697246.
2, 11, 41, 773
List the prime factors of 5555405.
5, 1111081
List the prime factors of 4226640.
2, 3, 5, 11, 1601
List the prime factors of 4073533.
67, 163, 373
List the prime factors of 609109.
23, 71, 373
What are the prime factors of 1072138?
2, 536069
List the prime factors of 879756.
2, 3, 167, 439
What are the prime factors of 354541?
11, 167, 193
What are the prime factors of 2774270?
2, 5, 277427
What are the prime factors of 7946134?
2, 7, 81083
What are the prime factors of 1039092?
2, 3, 131, 661
List the prime factors of 1654000.
2, 5, 827
What are the prime factors of 91953?
3, 17, 601
What are the prime factors of 758549?
11, 6269
List the prime factors of 3346277.
11, 61, 4987
What are the prime factors of 334459?
31, 10789
List the prime factors of 698481.
3, 7, 11087
List the prime factors of 1137537.
3, 42131
What are the prime factors of 87535?
5, 7, 41, 61
List the prime factors of 496424.
2, 62053
What are the prime factors of 6773814?
2, 3, 125441
List the prime factors of 465351.
3, 181, 857
What are the prime factors of 19733189?
7, 571, 4937
What are the prime factors of 1347163?
443, 3041
What are the prime factors of 423304?
2, 7, 7559
List the prime factors of 2149575.
3, 5, 28661
List the prime factors of 1086658.
2, 23, 23623
What are the prime factors of 3002283?
3, 29, 11503
List the prime factors of 22559702.
2, 11, 151, 6791
What are the prime factors of 5350548?
2, 3, 7, 63697
List the prime factors of 30446.
2, 13, 1171
What are the prime factors of 19249?
19249
What are the prime factors of 71796?
2, 3, 31, 193
List the prime factors of 3998000.
2, 5, 1999
What are the prime factors of 219123?
3, 97, 251
List the prime factors of 2514404.
2, 193, 3257
What are the prime factors of 231880?
2, 5, 11, 17, 31
List the prime factors of 198537.
3, 66179
List the prime factors of 3342726.
2, 3, 185707
List the prime factors of 2068488.
2, 3, 28729
List the prime factors of 2822143.
2822143
What are the prime factors of 8613361?
47, 183263
What are the prime factors of 60752?
2, 3797
List the prime factors of 11163756.
2, 3, 71, 13103
List the prime factors of 299253.
3, 23, 4337
What are the prime factors of 2472465?
3, 5, 164831
What are the prime factors of 25929420?
2, 3, 5, 11, 17, 2311
List the prime factors of 176586.
2, 3, 19, 1549
What are the prime factors of 403289?
403289
List the prime factors of 2128299.
3, 709433
What are the prime factors of 4399633?
7, 37, 16987
List the prime factors of 404385.
3, 5, 26959
What are the prime factors of 15957906?
2, 3, 23, 115637
List the prime factors of 640526.
2, 17, 18839
What are the prime factors of 3885643?
23, 241, 701
What are the prime factors of 275955?
3, 5, 18397
List the prime factors of 2090635.
5, 461, 907
List the prime factors of 1673757.
3, 61991
What are the prime factors of 4931179?
11, 61, 7349
List the prime factors of 4547984.
2, 7, 5801
List the prime factors of 4847534.
2, 257, 9431
What are the prime factors of 999239?
999239
What are the prime factors of 443280?
2, 3, 5, 1847
List the prime factors of 1472194.
2, 736097
List the prime factors of 74205.
3, 5, 17, 97
List the prime factors of 16621146.
2, 3, 31, 9929
List the prime factors of 4327583.
13, 29, 883
What are the prime factors of 7963512?
2, 3, 41, 8093
What are the prime factors of 1060455?
3, 5, 11, 6427
What are the prime factors of 400082?
2, 200041
List the prime factors of 6639225.
3, 5, 88523
What are the prime factors of 5052232?
2, 631529
What are the prime factors of 16921331?
7, 397, 6089
List the prime factors of 8886604.
2, 19, 116929
What are the prime factors of 412000?
2, 5, 103
List the prime factors of 747123.
3, 13, 19157
List the prime factors of 341147.
113, 3019
List the prime factors of 775530.
2, 3, 5, 7, 1231
List the prime factors of 489618.
2, 3, 9067
List the prime factors of 175629.
3, 58543
List the prime factors of 405927.
3, 23, 37, 53
What are the prime factors of 336023?
29, 11587
List the prime factors of 1457511.
3, 11, 29, 1523
List the prime factors of 331006.
2, 13, 29, 439
What are the prime factors of 2201755?
5, 17, 25903
What are the prime factors of 257933?
13, 19841
List the prime factors of 4351480.
2, 5, 7, 15541
List the prime factors of 12177722.
2, 6088861
List the prime factors of 7855559.
41, 191599
What are the prime factors of 368074?
2, 7, 61, 431
What are the prime factors of 264828?
2, 3, 29, 761
What are the prime factors of 3964488?
2, 3, 11, 15017
List the prime factors of 210525.
3, 5, 7, 401
What are the prime factors of 1912226?
2, 956113
What are the prime factors of 133838?
2, 66919
What are the prime factors of 3504848?
2, 219053
List the prime factors of 21019742.
2, 10509871
What are the prime factors of 51914?
2, 101, 257
List the prime factors of 215278.
2, 7, 15377
What are the prime factors of 388745?
5, 7, 29, 383
What are the prime factors of 7178108?
2, 7, 53, 691
What are the prime factors of 255500?
2, 5, 7, 73
What are the prime factors of 2996964?
2, 3, 17, 59, 83
What are the prime factors of 86892?
2, 3, 13, 557
List the prime factors of 27075.
3, 5, 19
What are the prime factors of 7116884?
2, 283, 6287
List the prime factors of 8764857.
3, 41, 23753
What are the prime factors of 576493?
576493
List the prime factors of 7364344.
2, 13, 419
What are the prime factors of 2895243?
3, 13, 61, 1217
What are the prime factors of 460670?
2, 5, 7, 6581
What are the prime factors of 2895328?
2, 173, 523
List the prime factors of 1224769.
7, 13, 43, 313
List the prime factors of 1080109.
211, 5119
What are the prime factors of 3103550?
2, 5, 62071
List the prime factors of 129134.
2, 64567
What are the prime factors of 773177?
17, 45481
What are the prime factors of 336269?
163, 2063
List the prime factors of 2052900.
2, 3, 5, 2281
What are the prime factors of 13881221?
61, 227561
List the prime factors of 10542076.
2, 73, 79, 457
List the prime factors of 264658.
2, 132329
What are the prime factors of 2882054?
2, 7, 41, 5021
What are the prime factors of 135990?
2, 3, 5, 1511
List the prime factors of 1796764.
2, 17, 26423
What are the prime factors of 1934636?
2, 11, 43969
List the prime factors of 235333.
7, 33619
List the prime factors of 283964.
2, 70991
What are the prime factors of 208429?
13, 16033
What are the prime factors of 4901?
13, 29
List the prime factors of 4874020.
2, 5, 243701
What are the prime factors of 1144101?
3, 7, 43, 181
List the prime factors of 1113982.
2, 23, 61, 397
What are the prime factors of 1092025?
5, 11, 19
What are the prime factors of 10002754?
2, 1801, 2777
What are the prime factors of 359642?
2, 179821
What are the prime factors of 